03355744?
2, 53, 532639
What are the prime factors of 1496132614?
2, 748066307
List the prime factors of 9472160.
2, 5, 53, 1117
What are the prime factors of 3604836657?
3, 16693, 71983
List the prime factors of 2466354158.
2, 103, 11972593
What are the prime factors of 46670990?
2, 5, 409, 11411
List the prime factors of 745144122.
2, 3, 293, 423859
List the prime factors of 349402710.
2, 3, 5, 941, 12377
What are the prime factors of 496584470?
2, 5, 2687, 18481
What are the prime factors of 66471544?
2, 8308943
List the prime factors of 60284578.
2, 139, 216851
List the prime factors of 609557757.
3, 29, 109, 64279
List the prime factors of 2145422336.
2, 23, 71, 1283
List the prime factors of 273384663.
3, 91128221
What are the prime factors of 5124035137?
13, 394156549
What are the prime factors of 182789698?
2, 7, 13, 143477
What are the prime factors of 3703919272?
2, 462989909
What are the prime factors of 107415660?
2, 3, 5, 11, 162751
What are the prime factors of 35526101?
13, 997, 2741
List the prime factors of 12391576.
2, 1548947
List the prime factors of 1970716778.
2, 79, 137, 181, 503
What are the prime factors of 40325325?
3, 5, 23, 97, 241
What are the prime factors of 40814802?
2, 3, 7, 323927
List the prime factors of 694809663.
3, 6949, 33329
What are the prime factors of 132056460?
2, 3, 5, 19, 61, 211
List the prime factors of 1724088603.
3, 2477, 232013
What are the prime factors of 65945857?
65945857
List the prime factors of 19089671.
433, 44087
List the prime factors of 5047707220.
2, 5, 43, 5869427
What are the prime factors of 248238403?
7, 17, 2086037
What are the prime factors of 121299736?
2, 15162467
List the prime factors of 163238464.
2, 2550601
List the prime factors of 2484722878.
2, 11, 112941949
List the prime factors of 688231047.
3, 7, 23, 59, 24151
List the prime factors of 10951301.
10951301
What are the prime factors of 2079811861?
2079811861
List the prime factors of 60222937.
29, 2076653
List the prime factors of 1567239697.
173, 431, 21019
List the prime factors of 451145500.
2, 5, 13, 19, 281
What are the prime factors of 1635391732?
2, 13, 31, 89, 11399
What are the prime factors of 23652573?
3, 7, 1126313
List the prime factors of 20384032.
2, 637001
What are the prime factors of 72130811?
72130811
What are the prime factors of 40978049?
7, 2153, 2719
List the prime factors of 96917563.
31, 41, 76253
List the prime factors of 349558331.
79, 4424789
What are the prime factors of 8600758?
2, 23, 181, 1033
What are the prime factors of 712479719?
7, 83, 1226299
List the prime factors of 4512067.
7, 92083
List the prime factors of 282427388.
2, 293, 397, 607
What are the prime factors of 336414408?
2, 3, 11, 1274297
List the prime factors of 2149058826.
2, 3, 73, 1635509
What are the prime factors of 375597225?
3, 5, 19, 103, 853
What are the prime factors of 753413475?
3, 5, 29, 346397
List the prime factors of 350978852.
2, 7, 12534959
List the prime factors of 2223566635.
5, 1373, 323899
What are the prime factors of 81464540?
2, 5, 41, 99347
List the prime factors of 3631025904.
2, 3, 11, 6876943
What are the prime factors of 320198204?
2, 80049551
What are the prime factors of 107530191?
3, 11947799
List the prime factors of 56174074.
2, 11, 181, 14107
List the prime factors of 1803109170.
2, 3, 5, 127, 473257
What are the prime factors of 68398329?
3, 22799443
List the prime factors of 1595907853.
103, 15494251
What are the prime factors of 216554334?
2, 3, 36092389
What are the prime factors of 2070830155?
5, 1109, 373459
List the prime factors of 33705169.
17, 619, 3203
List the prime factors of 128723160.
2, 3, 5, 31, 34603
List the prime factors of 32733955.
5, 83, 78877
What are the prime factors of 1049992728?
2, 3, 587, 74531
What are the prime factors of 637982504?
2, 79747813
List the prime factors of 61991005.
5, 59, 210139
List the prime factors of 75888314.
2, 113, 409, 821
What are the prime factors of 363873557?
13681, 26597
What are the prime factors of 958986624?
2, 3, 2497361
What are the prime factors of 1502258302?
2, 173, 4341787
List the prime factors of 216865290.
2, 3, 5, 229, 31567
What are the prime factors of 26134191?
3, 29, 33377
List the prime factors of 185024527.
19, 9738133
List the prime factors of 198043373.
11, 773, 23291
What are the prime factors of 847791224?
2, 7, 17, 23, 31, 1249
What are the prime factors of 1125126556?
2, 5701, 49339
What are the prime factors of 2825082166?
2, 1412541083
List the prime factors of 37300397.
17, 797, 2753
What are the prime factors of 127015950?
2, 3, 5, 19, 41, 1087
List the prime factors of 63632949.
3, 139, 152597
What are the prime factors of 405262658?
2, 3361, 60289
What are the prime factors of 2925392309?
7, 37, 131, 151, 571
What are the prime factors of 91262756?
2, 13, 257, 6829
List the prime factors of 875296504.
2, 109412063
What are the prime factors of 5867868578?
2, 11, 13, 4139, 4957
List the prime factors of 135502147.
11, 31, 157, 2531
What are the prime factors of 140132274?
2, 3, 71, 211, 1559
What are the prime factors of 299523781?
299523781
List the prime factors of 146964602.
2, 73482301
List the prime factors of 18183179.
7, 23, 112939
List the prime factors of 644117405.
5, 29, 4442189
What are the prime factors of 6245211388?
2, 13, 359, 334541
What are the prime factors of 117969109?
117969109
What are the prime factors of 1153983841?
1153983841
What are the prime factors of 435547187?
139, 3133433
List the prime factors of 95338821.
3, 31779607
List the prime factors of 409099864.
2, 59, 866737
What are the prime factors of 2264472159?
3, 31, 24349163
What are the prime factors of 637099019?
12547, 50777
What are the prime factors of 336931955?
5, 47, 1087, 1319
List the prime factors of 2885374297.
13, 221951869
What are the prime factors of 1377752893?
11, 61, 787, 2609
List the prime factors of 640884527.
47, 757, 18013
List the prime factors of 63808082.
2, 13, 2454157
What are the prime factors of 39725665?
5, 7, 1135019
List the prime factors of 3036480.
2, 3, 5, 3163
List the prime factors of 30774957.
3, 389, 26371
What are the prime factors of 421761383?
41, 10286863
List the prime factors of 258034796.
2, 64508699
List the prime factors of 32349839.
32349839
List the prime factors of 1868211599.
1868211599
What are the prime factors of 6022247471?
6022247471
What are the prime factors of 12177096?
2, 3, 83, 6113
List the prime factors of 7888201.
101, 78101
List the prime factors of 106180857.
3, 23, 41, 12511
List the prime factors of 5525742800.
2, 5, 37, 373361
List the prime factors of 2600489260.
2, 5, 130024463
What are the prime factors of 196664661?
3, 21851629
What are the prime factors of 64559143?
11, 31, 83, 2281
List the prime factors of 211008195.
3, 5, 109, 43019
What are the prime factors of 625451580?
2, 3, 5, 13, 137, 1951
What are the prime factors of 56769389?
56769389
What are the prime factors of 642773739?
3, 47, 1913, 2383
List the prime factors of 35129307.
3, 11709769
What are the prime factors of 333415202?
2, 166707601
List the prime factors of 7098841102.
2, 563, 6304477
List the prime factors of 3207719.
29, 53, 2087
List the prime factors of 263307855.
3, 5, 59, 297523
What are the prime factors of 741801736?
2, 13, 7132709
List the prime factors of 163950780.
2, 3, 5, 7, 390359
What are the prime factors of 186081253?
43, 167, 25913
What are the prime factors of 820506507?
3, 19, 14394851
List the prime factors of 35741418.
2, 3, 67, 1327
List the prime factors of 117428054.
2, 59, 101, 167
What are the prime factors of 736698758?
2, 368349379
What are the prime factors of 442392368?
2, 11, 2513593
List the prime factors of 2444368239.
3, 17, 43, 271, 457
What are the prime factors of 1152334985?
5, 727, 317011
What are the prime factors of 793538850?
2, 3, 5, 13, 373, 1091
List the prime factors of 882174689.
11, 487, 164677
List the prime factors of 13125830.
2, 5, 1312583
List the prime factors of 59691859.
41, 137, 10627
What are the prime factors of 434707801?
11, 39518891
What are the prime factors of 4359422214?
2, 3, 7, 37, 353, 883
List the prime factors of 13976704.
2, 7, 19, 821
What are the prime factors of 1361257517?
61, 22315